{"id":435,"date":"2026-04-28T19:51:58","date_gmt":"2026-04-28T17:51:58","guid":{"rendered":"https:\/\/cevithalwil.ch\/?page_id=435"},"modified":"2026-04-28T23:31:32","modified_gmt":"2026-04-28T21:31:32","slug":"vermietungsinfos","status":"publish","type":"page","link":"https:\/\/cevithalwil.ch\/index.php\/cevihaus-alba\/vermietungsinfos\/","title":{"rendered":"Vermietungsinfos"},"content":{"rendered":"\n<div style=\"height:11px\" aria-hidden=\"true\" class=\"wp-block-spacer\"><\/div>\n\n\n\n<h1 class=\"wp-block-heading has-text-align-center is-style-default\" style=\"font-size:clamp(2.418rem, 2.418rem + ((1vw - 0.2rem) * 3.266), 4.5rem);\">Vermietungsinfos<\/h1>\n\n\n\n<div style=\"height:25px\" aria-hidden=\"true\" class=\"wp-block-spacer\"><\/div>\n\n\n\n<p>Das Thalwiler Cevihaus tr\u00e4gt den Namen \u201eAlba\u201c. Der Verein CEVI Thalwil-Gattikon-Langnau k\u00fcmmert sich mit viel Herzblut um den Unterhalt und die Vermietung. Wenn nicht gerade unsere eigenen Cevi-Gruppen das Haus mit Leben f\u00fcllen, steht das Haus auch anderen Gruppierungen, Vereinen und Privatpersonen zur Miete zur Verf\u00fcgung.<\/p>\n\n\n\n<p>Das Haus bietet im Aussenbereich viel Platz f\u00fcr gemeinsame Aktivit\u00e4ten. Auf der R\u00fcckseite des Hauses befindet sich eine gem\u00fctliche Feuerstelle und gleich nebenan l\u00e4dt eine Wiese zu Spiel und Spass im Freien ein.<\/p>\n\n\n\n<p>Das Haus ist bestens ger\u00fcstet f\u00fcr und Veranstaltungen aller Art (bis 40 Personen). Dank der vorteilhaften Lage geniessen Sie hier viel Freiraum. Viel Platz, eine praktische Infrastruktur und eine tolle Umgebung \u2013 perfekt f\u00fcr Familienfeiern, Seminare, Workshops oder Teamevents.<\/p>\n\n\n\n<p><\/p>\n\n\n\n<p><strong>Ausstattung &amp; Infrastruktur:<\/strong><\/p>\n\n\n\n<ul class=\"wp-block-list\">\n<li><strong>Grosser Aufenthaltsraum (75 m\u00b2):<\/strong> Vielseitig nutzbar und bietet ausreichend Platz f\u00fcr ein gem\u00fctliches Beisammensein.<\/li>\n\n\n\n<li><strong>Praktische K\u00fcche:<\/strong> Gut ausgestattet, inklusive einer schnellen Industrieabwaschmaschine \u2013 ideal und zeitsparend f\u00fcr die Bewirtung von gr\u00f6sseren Gruppen.<\/li>\n\n\n\n<li><strong>Sitzgelegenheiten:<\/strong> 8 Tische und 40 St\u00fchle stehen f\u00fcr eine flexible Raumgestaltung zur Verf\u00fcgung.<\/li>\n\n\n\n<li><strong>Sanit\u00e4re Anlagen:<\/strong> 2 WCs vorhanden.<\/li>\n\n\n\n<li><strong>Anreise &amp; Parken:<\/strong> Parkpl\u00e4tze stehen Ihnen direkt vor dem Haus zur Verf\u00fcgung. F\u00fcr die Anreise mit den \u00f6ffentlichen Verkehrsmitteln liegt eine Bushaltestelle nur 150 Meter entfernt.<\/li>\n<\/ul>\n\n\n\n<p><\/p>\n","protected":false},"excerpt":{"rendered":"<p>Vermietungsinfos Das Thalwiler Cevihaus tr\u00e4gt den Namen \u201eAlba\u201c. Der Verein CEVI Thalwil-Gattikon-Langnau k\u00fcmmert sich mit viel Herzblut um den Unterhalt und die Vermietung. Wenn nicht gerade unsere eigenen Cevi-Gruppen das [&hellip;]<\/p>\n","protected":false},"author":1,"featured_media":0,"parent":467,"menu_order":1,"comment_status":"closed","ping_status":"closed","template":"page-no-title","meta":{"_EventAllDay":false,"_EventTimezone":"","_EventStartDate":"","_EventEndDate":"","_EventStartDateUTC":"","_EventEndDateUTC":"","_EventShowMap":false,"_EventShowMapLink":false,"_EventURL":"","_EventCost":"","_EventCostDescription":"","_EventCurrencySymbol":"","_EventCurrencyCode":"","_EventCurrencyPosition":"","_EventDateTimeSeparator":"","_EventTimeRangeSeparator":"","_EventOrganizerID":[],"_EventVenueID":[],"_OrganizerEmail":"","_OrganizerPhone":"","_OrganizerWebsite":"","_VenueAddress":"","_VenueCity":"","_VenueCountry":"","_VenueProvince":"","_VenueState":"","_VenueZip":"","_VenuePhone":"","_VenueURL":"","_VenueStateProvince":"","_VenueLat":"","_VenueLng":"","_VenueShowMap":false,"_VenueShowMapLink":false,"footnotes":""},"class_list":["post-435","page","type-page","status-publish","hentry"],"_links":{"self":[{"href":"https:\/\/cevithalwil.ch\/index.php\/wp-json\/wp\/v2\/pages\/435","targetHints":{"allow":["GET"]}}],"collection":[{"href":"https:\/\/cevithalwil.ch\/index.php\/wp-json\/wp\/v2\/pages"}],"about":[{"href":"https:\/\/cevithalwil.ch\/index.php\/wp-json\/wp\/v2\/types\/page"}],"author":[{"embeddable":true,"href":"https:\/\/cevithalwil.ch\/index.php\/wp-json\/wp\/v2\/users\/1"}],"replies":[{"embeddable":true,"href":"https:\/\/cevithalwil.ch\/index.php\/wp-json\/wp\/v2\/comments?post=435"}],"version-history":[{"count":11,"href":"https:\/\/cevithalwil.ch\/index.php\/wp-json\/wp\/v2\/pages\/435\/revisions"}],"predecessor-version":[{"id":530,"href":"https:\/\/cevithalwil.ch\/index.php\/wp-json\/wp\/v2\/pages\/435\/revisions\/530"}],"up":[{"embeddable":true,"href":"https:\/\/cevithalwil.ch\/index.php\/wp-json\/wp\/v2\/pages\/467"}],"wp:attachment":[{"href":"https:\/\/cevithalwil.ch\/index.php\/wp-json\/wp\/v2\/media?parent=435"}],"curies":[{"name":"wp","href":"https:\/\/api.w.org\/{rel}","templated":true}]}}

<div style="height:11px" aria-hidden="true" class="wp-block-spacer"></div>



<h1 class="wp-block-heading has-text-align-center is-style-default" style="font-size:clamp(2.418rem, 2.418rem + ((1vw - 0.2rem) * 3.266), 4.5rem);">Vermietungsinfos</h1>



<div style="height:25px" aria-hidden="true" class="wp-block-spacer"></div>



<p>Das Thalwiler Cevihaus trägt den Namen „Alba“. Der Verein CEVI Thalwil-Gattikon-Langnau kümmert sich mit viel Herzblut um den Unterhalt und die Vermietung. Wenn nicht gerade unsere eigenen Cevi-Gruppen das Haus mit Leben füllen, steht das Haus auch anderen Gruppierungen, Vereinen und Privatpersonen zur Miete zur Verfügung.</p>



<p>Das Haus bietet im Aussenbereich viel Platz für gemeinsame Aktivitäten. Auf der Rückseite des Hauses befindet sich eine gemütliche Feuerstelle und gleich nebenan lädt eine Wiese zu Spiel und Spass im Freien ein.</p>



<p>Das Haus ist bestens gerüstet für und Veranstaltungen aller Art (bis 40 Personen). Dank der vorteilhaften Lage geniessen Sie hier viel Freiraum. Viel Platz, eine praktische Infrastruktur und eine tolle Umgebung – perfekt für Familienfeiern, Seminare, Workshops oder Teamevents.</p>



<p></p>



<p><strong>Ausstattung &amp; Infrastruktur:</strong></p>



<ul class="wp-block-list">
<li><strong>Grosser Aufenthaltsraum (75 m²):</strong> Vielseitig nutzbar und bietet ausreichend Platz für ein gemütliches Beisammensein.</li>



<li><strong>Praktische Küche:</strong> Gut ausgestattet, inklusive einer schnellen Industrieabwaschmaschine – ideal und zeitsparend für die Bewirtung von grösseren Gruppen.</li>



<li><strong>Sitzgelegenheiten:</strong> 8 Tische und 40 Stühle stehen für eine flexible Raumgestaltung zur Verfügung.</li>



<li><strong>Sanitäre Anlagen:</strong> 2 WCs vorhanden.</li>



<li><strong>Anreise &amp; Parken:</strong> Parkplätze stehen Ihnen direkt vor dem Haus zur Verfügung. Für die Anreise mit den öffentlichen Verkehrsmitteln liegt eine Bushaltestelle nur 150 Meter entfernt.</li>
</ul>



<p></p>

<p>Vermietungsinfos Das Thalwiler Cevihaus trägt den Namen „Alba“. Der Verein CEVI Thalwil-Gattikon-Langnau kümmert sich mit viel Herzblut um den Unterhalt und die Vermietung. Wenn nicht gerade unsere eigenen Cevi-Gruppen das [&hellip;]</p>
